 is the ten millions digit of 17714545?
1
What is the units digit of 429783595?
5
What is the thousands digit of 585823854?
3
What is the units digit of 281677085?
5
What is the hundreds digit of 20268607?
6
What is the hundreds digit of 498340645?
6
What is the ten thousands digit of 974410446?
1
What is the hundred millions digit of 136052190?
1
What is the hundred millions digit of 1430539545?
4
What is the ten thousands digit of 484437619?
3
What is the ten millions digit of 93373469?
9
What is the millions digit of 2874865381?
4
What is the thousands digit of 79771017?
1
What is the ten thousands digit of 36767370?
6
What is the hundreds digit of 1373458958?
9
What is the tens digit of 75319266?
6
What is the hundred thousands digit of 532126138?
1
What is the tens digit of 55315125?
2
What is the hundred millions digit of 480424212?
4
What is the millions digit of 31314343?
1
What is the hundred thousands digit of 1889529847?
5
What is the hundred thousands digit of 19685437?
6
What is the millions digit of 66816996?
6
What is the ten thousands digit of 413960244?
6
What is the thousands digit of 329960909?
0
What is the units digit of 52359984?
4
What is the tens digit of 735080627?
2
What is the ten thousands digit of 3533270798?
7
What is the thousands digit of 118563758?
3
What is the ten thousands digit of 160139656?
3
What is the millions digit of 275946298?
5
What is the millions digit of 648011548?
8
What is the hundred thousands digit of 82733330?
7
What is the millions digit of 82713070?
2
What is the hundreds digit of 1053429660?
6
What is the hundred millions digit of 300067813?
3
What is the millions digit of 26975848?
6
What is the units digit of 562030980?
0
What is the hundred thousands digit of 1168060431?
0
What is the hundreds digit of 2613617636?
6
What is the units digit of 31059667?
7
What is the billions digit of 1104841746?
1
What is the hundreds digit of 150515627?
6
What is the hundred thousands digit of 155428211?
4
What is the thousands digit of 36133337?
3
What is the hundreds digit of 191039950?
9
What is the thousands digit of 1336103352?
3
What is the ten millions digit of 68607060?
6
What is the thousands digit of 333188056?
8
What is the units digit of 3904647?
7
What is the tens digit of 44597893?
9
What is the hundred millions digit of 572677279?
5
What is the ten millions digit of 730965180?
3
What is the hundreds digit of 92721554?
5
What is the hundred thousands digit of 258845439?
8
What is the tens digit of 50157629?
2
What is the millions digit of 40583956?
0
What is the tens digit of 121517167?
6
What is the hundred thousands digit of 100381014?
3
What is the hundred thousands digit of 71811340?
8
What is the ten millions digit of 108356724?
0
What is the hundred thousands digit of 2971097629?
0
What is the tens digit of 822225655?
5
What is the tens digit of 1298046138?
3
What is the billions digit of 4270469593?
4
What is the thousands digit of 66040744?
0
What is the millions digit of 105714496?
5
What is the tens digit of 46902568?
6
What is the ten thousands digit of 40969779?
6
What is the millions digit of 797152348?
7
What is the thousands digit of 785455436?
5
What is the millions digit of 25886640?
5
What is the ten millions digit of 143968335?
4
What is the ten thousands digit of 1573843173?
4
What is the hundreds digit of 137961009?
0
What is the hundred thousands digit of 72833644?
8
What is the hundred thousands digit of 6432135927?
1
What is the tens digit of 692459824?
2
What is the ten thousands digit of 68903495?
0
What is the millions digit of 302773431?
2
What is the millions digit of 143320164?
3
What is the hundred millions digit of 380687165?
3
What is the hundred millions digit of 461050156?
4
What is the units digit of 252637996?
6
What is the hundred thousands digit of 737282759?
2
What is the ten thousands digit of 5293323338?
2
What is the hundreds digit of 41834769?
7
What is the thousands digit of 784911081?
1
What is the units digit of 319981804?
4
What is the hundred millions digit of 235070542?
2
What is the hundred millions digit of 128188275?
1
What is the tens digit of 7598515622?
2
What is the millions digit of 489264781?
9
What is the ten thousands digit of 1427015416?
1
What is the tens digit of 56493414?
1
What is the hundred thousands digit of 57658629?
6
What is the tens digit of 95386715?
1
What is the hundreds digit of 4351108814?
8
What is the thousands digit of 2033180636?
0
What is the ten millions digit of 285471124?
8
What is the tens digit of 61089521?
2
What is the units digit of 257488513?
3
What is the thousands digit of 4311126433?
6
What is the ten thousands digit of 147781954?
8
What is the thousands digit of 99270438?
0
What is the ten millions digit of 230205874?
3
What is the units digit of 8606584?
4
What is the units digit of 725755685?
5
What is the ten thousands digit of 6688929495?
2
What is the units digit of 841231140?
0
What is the units digit of 75063921?
1
What is the hundred thousands digit of 157440474?
4
What is the ten millions digit of 79246573?
7
What is the hundreds digit of 1660089040?
0
What is the ten millions digit of 120883793?
2
What is the hundred millions digit of 128460686?
1
What is the ten millions digit of 289001927?
8
What is the tens digit of 1925384200?
0
What is the ten thousands digit of 2135548353?
4
What is the tens digit of 5469522550?
5
What is the hundred thousands digit of 5010762?
0
What is the tens digit of 78881458?
5
What is the ten millions digit of 122556443?
2
What is the hundreds digit of 15792969?
9
What is the units digit of 91447943?
3
What is the ten millions digit of 16548656?
1
What is the units digit of 101435924?
4
What is the ten millions digit of 4291256080?
9
What is the tens digit of 153792179?
7
What is the units digit of 1197504799?
9
What is the millions digit of 792731125?
2
What is the millions digit of 203572441?
3
What is the hundreds digit of 168277466?
4
What is the hundreds digit of 49128864?
8
What is the tens digit of 49828618?
1
What is the hundred thousands digit of 1143778080?
7
What is the millions digit of 593337118?
3
What is the ten thousands digit of 107863403?
6
What is the hundred millions digit of 1394525624?
3
What is the units digit of 110004444?
4
What is the millions digit of 184799978?
4
What is the hundred millions digit of 329080998?
3
What is the billions digit of 3723487047?
3
What is the ten thousands digit of 82960512?
6
What is the billions digit of 4305465095?
4
What is the ten thousands digit of 2969189629?
8
What is the millions digit of 449780238?
9
What is the billions digit of 1537143863?
1
What is the thousands digit of 1337388352?
8
What is the ten thousands digit of 1464765777?
6
What is the ten thousands digit of 30044849?
4
What is the hundred millions digit of 4177577013?
1
What is the ten millions digit of 1600732733?
0
What is the hundred thousands digit of 13899342?
8
What is the tens digit of 37105980?
8
What is the hundred thousands digit of 89896319?
8
What is the millions digit of 1891027?
1
What is the tens digit of 1318633361?
6
What is the millions digit of 37095686?
7
What is the units digit of 1404775168?
8
What is the tens digit of 17000921?
2
What is the hundred thousands digit of 372498761?
4
What is the tens digit of 3926753560?
6
What is the hundred millions digit of 5928900292?
9
What is the hundreds digit of 35953201?
2
What is the units digit of 2779634499?
9
What is the billions digit of 3120059032?
3
What is the millions digit of 6849494301?
9
What is the hundred thousands digit of 13142117?
1
What is the millions digit of 979781921?
9
What is the hundred thousands digit of 62508461?
5
What is the units digit of 885637917?
7
What is the ten millions digit of 34386672?
3
What is the units digit of 55527889?
9
What is the hundred millions digit of 391851259?
3
What is the hundred thousands digit of 104046837?
0
What is the hundred thousands digit of 70046271?
0
What is the tens digit of 326545829?
2
What is the hundred thousands digit of 1025087053?
0
What is the ten thousands digit of 159246342?
4
What is the hundreds digit of 927375472?
4
What is the hundred thousands digit of 83871272?
8
What is the tens 